 11, what is 77a4a + 486?
78425
In base 14, what is 0 - 69525b?
-69525b
In base 13, what is 137b - -c99?
2347
In base 12, what is 5 - -434a094?
434a099
In base 4, what is 220301102113 - -32?
220301102211
In base 16, what is 0 + 8bc10f?
8bc10f
In base 3, what is 1111211210012222 - 11?
1111211210012211
In base 6, what is 101 - -123215421?
123215522
In base 11, what is 8 + 161362?
16136a
In base 15, what is 318d80 + 1?
318d81
In base 9, what is 67506115 + -7?
67506107
In base 5, what is 31412310243 + 23?
31412310321
In base 15, what is -3 + -65cd91?
-65cd94
In base 11, what is 33 - -219aa8a?
21a0012
In base 9, what is 5 + -24624246?
-24624241
In base 5, what is -101214 - -323?
-100341
In base 2, what is -100101 - -101010101001010101011?
101010101001010000110
In base 7, what is 43 - 533346104?
-533346031
In base 9, what is 1243 - 3836?
-2583
In base 4, what is 112133201 + 10202?
112210003
In base 15, what is 537 + -818a?
-7b53
In base 7, what is 4001503641 + 0?
4001503641
In base 3, what is -10010 + -10222200010001?
-10222200020011
In base 5, what is 23 - 13142402421?
-13142402343
In base 5, what is 2044134024 + 2?
2044134031
In base 7, what is -6040 - 4300?
-13340
In base 12, what is 5 + -2540239?
-2540234
In base 2, what is 111000000110010 - -100100101?
111000101010111
In base 4, what is -12111 + 11003011?
10330300
In base 12, what is -2 - 1308884?
-1308886
In base 5, what is -4011344202400 - 2?
-4011344202402
In base 5, what is 30122 + 43323?
124000
In base 6, what is -412102 - 23000?
-435102
In base 13, what is -1c06 + 8157?
6251
In base 7, what is 40342651 + 3?
40342654
In base 14, what is 669501 + -4?
6694db
In base 2, what is 10011100 + 1011011110101?
1011110010001
In base 2, what is -11010000 - -110111011001?
110100001001
In base 7, what is -356466502 - 3?
-356466505
In base 10, what is 1 - -32207899?
32207900
In base 13, what is -205 + 38a6c?
38867
In base 6, what is 51324055 + -4?
51324051
In base 14, what is 8 - -499a64?
499a6c
In base 4, what is -131212000 + -30131?
-131302131
In base 12, what is -37 + -2aa0a9?
-2aa124
In base 5, what is 1220134 + 102101?
1322240
In base 10, what is 43867586 + 2?
43867588
In base 3, what is -110101 - -1112211211211?
1112211101110
In base 10, what is -4 + 1963591?
1963587
In base 14, what is ad - -10bd8d?
10c05c
In base 3, what is -220021010111022211 + 2?
-220021010111022202
In base 8, what is 4232 + 1656136?
1662370
In base 14, what is -107a61 + 8?
-107a57
In base 14, what is 389191 - 16?
389179
In base 10, what is 8840 - -1043?
9883
In base 3, what is 1000210202 + 1101?
1000212010
In base 14, what is 2474 + 1c19?
428d
In base 9, what is -28050 + 5311?
-22638
In base 12, what is -196b1ab - 17?
-196b206
In base 12, what is -40068 + 3b81?
-380a7
In base 2, what is -1000110000010011011 + -101110?
-1000110000011001001
In base 12, what is -2341249 - 4?
-2341251
In base 4, what is 1 + -32331021122?
-32331021121
In base 10, what is 6772 + -988?
5784
In base 4, what is -1031 - -2030232?
2023201
In base 16, what is -283f3 - 282?
-28675
In base 4, what is -201301113200 + 0?
-201301113200
In base 12, what is -8 + -6392b6?
-639302
In base 4, what is 1110332112320 + -22?
1110332112232
In base 16, what is 67805 + -18?
677ed
In base 10, what is 72598 + -15?
72583
In base 4, what is 11 - 1221222330301?
-1221222330230
In base 2, what is -10011100000 - -111011100100101110?
111011010001001110
In base 15, what is adb + b697c?
b7568
In base 14, what is 292 + -a1bd3?
-a1941
In base 16, what is -6ec - -2b67?
247b
In base 8, what is 35 - 567430?
-567373
In base 3, what is -22212 + 211222210110?
211222110121
In base 10, what is 966303 + 46?
966349
In base 7, what is -53034224 + 5?
-53034216
In base 16, what is 1ace6fa + 1?
1ace6fb
In base 9, what is -3 + 6571214?
6571211
In base 8, what is 6245203 + 226?
6245431
In base 7, what is 12165401 + -331?
12165040
In base 9, what is 28024554 - -5?
28024560
In base 4, what is -101130201 + -1222312?
-103013113
In base 16, what is -e + -310e64c?
-310e65a
In base 11, what is -449774 + -11?
-449785
In base 8, what is -2315 + -77214?
-101531
In base 16, what is -2985026 + -3?
-2985029
In base 10, what is -2855068 + 0?
-2855068
In base 7, what is -3 + 5616535?
5616532
In base 4, what is -23330223 - 13121?
-30010010
In base 7, what is 10560043205 + -2?
10560043203
In base 16, what is -2b - -18c80c?
18c7e1
In base 12, what is 44229 + b95?
45202
In base 9, what is -3 - -47025566?
47025563
In base 5, what is -2 - 203303143424?
-203303143431
In base 10, what is -910 + 69235?
68325
In base 7, what is 6410 + 56334?
66044
In base 13, what is -a5506 + -751?
-a5c57
In base 11, what is 8231 + -366aa?
-29479
In base 10, what is 3 - 22806062?
-22806059
In base 6, what is 32005 + 254?
32303
In base 7, what is -11 - -2203440?
2203426
In base 14, what is 8c + -7942?
-7894
In base 10, what is -6 - 6074823?
-6074829
In base 5, what is 433330140 - 0?
433330140
In base 14, what is -571028 + -5?
-57102d
In base 5, what is 3022112 + 14021?
3041133
In base 12, what is 4026 - -56b?
4595
In base 6, what is -5305054 + 23?
-5305031
In base 8, what is 5 + -33357670?
-33357663
In base 10, what is -1 - 7701932?
-7701933
In base 16, what is -1834 + -1fc?
-1a30
In base 16, what is -17e - 824c7?
-82645
In base 13, what is 3415bac - -7?
3415bb6
In base 7, what is 115 - -36054040?
36054155
In base 8, what is -23462740 - 2?
-23462742
In base 6, what is 42 - -5324231?
5324313
In base 14, what is -49 - -2238931?
22388c6
In base 12, what is 186 + -9357?
-9191
In base 14, what is -644 + 55b?
-c7
In base 9, what is 55716 + 203?
56020
In base 7, what is -116 + -65422020?
-65422136
In base 9, what is -161240 - 4263?
-165513
In base 14, what is -8a798 - 108?
-8a8a2
In base 2, what is -10110010100 + -110001101011?
-1000111111111
In base 10, what is -894 + -6567?
-7461
In base 4, what is -33003101 - -210?
-33002231
In base 12, what is -40741a61 + -5?
-40741a66
In base 2, what is -11 + -1001101110100101001000010?
-1001101110100101001000101
In base 11, what is 2 + -8a71982?
-8a71980
In base 9, what is 43 + 5783867?
5784021
In base 16, what is -8d + 164b0?
16423
In base 5, what is 4 - 10334010113?
-10334010104
In base 6, what is -2410 - -4124441?
4122031
In base 11, what is 2 - -3698580?
3698582
In base 10, what is -39473 + 712?
-38761
In base 13, what is 22 - -342cb?
34320
In base 12, what is -10649 - -98?
-10571
In base 3, what is 0 + -100012021212221?
-100012021212221
In base 10, what is -153 + 148877?
148724
In base 15, what is 12 + 26e17?
26e29
In base 16, what is 6a - -94299?
94303
In base 7, what is 1531 + 501?
2332
In base 16, what is -2914094a - -4?
-29140946
In base 15, what is -3977168 - 2?
-397716a
In base 9, what is -3 + -8206857?
-8206861
In base 12, what is -44 - -825777?
825733
In base 16, what is -6f8 - 3070?
-3768
In base 10, what is -21 - -711908?
711887
In base 6, what is -503035 - 453?
-503532
In base 4, what is -11 - 1232202132312?
-1232202132323
In base 4, what is 12032 - -1101222210?
1101300302
In base 4, what is 3301230132231 + -11?
3301230132220
In base 11, what is -85151a - 381?
-8518a0
In base 2, what is -1101 - 10000111011101111111010000?
-10000111011101111111011101
In base 5, what is 1022 + 442314440?
442321012
In base 10, what is -5013 - -2735?
-2278
In base 11, what is 3a0407 - 4?
3a0403
In base 16, what is -64b66e + -4?
-64b672
In base 11, what is 66298 + a4?
66391
In base 3, what is -1011 - -1201211112211220?
1201211112210202
In base 9, what is -842 + 21686?
20744
In base 6, what is 5554 - -530511?
540505
In base 2, what is 100000011 - -10010010111010111?
10010011011011010
In base 14, what is 1 + 1803bd?
1803c0
In base 7, what is -26521 - -1351?
-25140
In base 11, what is 188623 + 304?
188927
In base 3, what is 12 - 20122021221120200?
-20122021221120111
In base 9, what is -88 + 3811608?
3811510
In base 4, what is 303 + 223000032?
223001001
In base 10, what is 1470624 + 115?
1470739
In base 13, what is -1121 - -2323?
1202
In base 11, what is -3021960 - 0?
-3021960
In base 11, what is -2873 + -68202?
-6aa75
In base 10, what is -3 + 3800437?
3800434
In base 5, what is 1 - -131130134214?
131130134220
In base 10, what is -83258 - -486?
-82772
In base 5, what is 12 - -2222331322?
2222331334
In base 12, what